{"id":911,"date":"2025-08-02T12:41:59","date_gmt":"2025-08-02T15:41:59","guid":{"rendered":"https:\/\/sites.ufal.br\/f03d9d3cec\/?page_id=911"},"modified":"2025-08-07T21:24:14","modified_gmt":"2025-08-08T00:24:14","slug":"processos-quimicos-biotecnologicos-e-cataliticos-2","status":"publish","type":"page","link":"https:\/\/ctec.ufal.br\/posgraduacao\/ppgeq\/processos-quimicos-biotecnologicos-e-cataliticos-2\/","title":{"rendered":"Processos Qu\u00edmicos, Biotecnol\u00f3gicos e Catal\u00edticos"},"content":{"rendered":"\t\t<div data-elementor-type=\"wp-page\" data-elementor-id=\"911\" class=\"elementor elementor-911\" data-elementor-post-type=\"page\">\n\t\t\t\t<div class=\"elementor-element elementor-element-1348f411 e-con-full e-flex e-con e-parent\" data-id=\"1348f411\" data-element_type=\"container\" data-settings=\"{&quot;background_background&quot;:&quot;classic&quot;}\">\n\t\t<div class=\"elementor-element elementor-element-4e56bdf8 e-flex e-con-boxed e-con e-child\" data-id=\"4e56bdf8\" data-element_type=\"container\">\n\t\t\t\t\t<div class=\"e-con-inner\">\n\t\t\t\t<div class=\"elementor-element elementor-element-24c596c1 elementor-view-default elementor-widget elementor-widget-icon\" data-id=\"24c596c1\" data-element_type=\"widget\" data-widget_type=\"icon.default\">\n\t\t\t\t\t\t\t<div class=\"elementor-icon-wrapper\">\n\t\t\t<div class=\"elementor-icon\">\n\t\t\t<svg aria-hidden=\"true\" class=\"e-font-icon-svg e-fas-flask\" viewBox=\"0 0 448 512\" xmlns=\"http:\/\/www.w3.org\/2000\/svg\"><path d=\"M437.2 403.5L320 215V64h8c13.3 0 24-10.7 24-24V24c0-13.3-10.7-24-24-24H120c-13.3 0-24 10.7-24 24v16c0 13.3 10.7 24 24 24h8v151L10.8 403.5C-18.5 450.6 15.3 512 70.9 512h306.2c55.7 0 89.4-61.5 60.1-108.5zM137.9 320l48.2-77.6c3.7-5.2 5.8-11.6 5.8-18.4V64h64v160c0 6.9 2.2 13.2 5.8 18.4l48.2 77.6h-172z\"><\/path><\/svg>\t\t\t<\/div>\n\t\t<\/div>\n\t\t\t\t\t\t<\/div>\n\t\t\t\t\t<\/div>\n\t\t\t\t<\/div>\n\t\t\t\t<\/div>\n\t\t<div class=\"elementor-element elementor-element-9f936a5 e-flex e-con-boxed e-con e-parent\" data-id=\"9f936a5\" data-element_type=\"container\">\n\t\t\t\t\t<div class=\"e-con-inner\">\n\t\t\t\t<div class=\"elementor-element elementor-element-8756bf1 elementor-widget elementor-widget-text-editor\" data-id=\"8756bf1\" data-element_type=\"widget\" data-widget_type=\"text-editor.default\">\n\t\t\t\t\t\t\t\t\t<p class=\"p1\">Esta linha de pesquisa abrange o estudo,<strong> desenvolvimento e otimiza\u00e7\u00e3o de processos industriais<\/strong> baseados em transforma\u00e7\u00f5es qu\u00edmicas, bioqu\u00edmicas, catal\u00edticas e enzim\u00e1ticas. S\u00e3o investigados fen\u00f4menos de rea\u00e7\u00e3o e suas vari\u00e1veis operacionais, buscando melhorias em rendimento, seletividade, seguran\u00e7a e sustentabilidade dos processos.<\/p>\n<p class=\"p1\">Os estudos envolvem desde rea\u00e7\u00f5es homog\u00eaneas e heterog\u00eaneas em fase gasosa ou l\u00edquida, at\u00e9 processos biotecnol\u00f3gicos aplicados \u00e0 produ\u00e7\u00e3o de f\u00e1rmacos, alimentos, combust\u00edveis, insumos qu\u00edmicos e materiais de interesse industrial. A atua\u00e7\u00e3o inclui tamb\u00e9m o desenvolvimento e a caracteriza\u00e7\u00e3o de catalisadores e biocatalisadores, visando maior efici\u00eancia em processos reacionais complexos.<\/p>\n<p class=\"p1\">Al\u00e9m dos aspectos experimentais, h\u00e1 \u00eanfase na <b>modelagem fenomenol\u00f3gica e emp\u00edrica<\/b>, simula\u00e7\u00e3o din\u00e2mica e em regime permanente, an\u00e1lise cin\u00e9tica, controle de processos e integra\u00e7\u00e3o energ\u00e9tica. Essas abordagens permitem projetar, escalar e otimizar processos qu\u00edmicos e bioqu\u00edmicos, alinhando inova\u00e7\u00e3o tecnol\u00f3gica \u00e0 redu\u00e7\u00e3o de impactos ambientais e ao uso racional de recursos.<\/p>\t\t\t\t\t\t\t\t<\/div>\n\t\t\t\t\t<\/div>\n\t\t\t\t<\/div>\n\t\t\t\t<\/div>\n\t\t","protected":false},"excerpt":{"rendered":"<p>Esta linha de pesquisa abrange o estudo, desenvolvimento e otimiza\u00e7\u00e3o de processos industriais baseados em transforma\u00e7\u00f5es qu\u00edmicas, bioqu\u00edmicas, catal\u00edticas e enzim\u00e1ticas. S\u00e3o investigados fen\u00f4menos de rea\u00e7\u00e3o e suas vari\u00e1veis operacionais, buscando melhorias em rendimento, seletividade, seguran\u00e7a e sustentabilidade dos processos. Os estudos envolvem desde rea\u00e7\u00f5es homog\u00eaneas e heterog\u00eaneas em fase gasosa ou l\u00edquida, at\u00e9 processos [&hellip;]<\/p>\n","protected":false},"author":1,"featured_media":895,"parent":0,"menu_order":0,"comment_status":"closed","ping_status":"closed","template":"","meta":{"footnotes":""},"class_list":["post-911","page","type-page","status-publish","has-post-thumbnail","hentry"],"_links":{"self":[{"href":"https:\/\/ctec.ufal.br\/posgraduacao\/ppgeq\/wp-json\/wp\/v2\/pages\/911","targetHints":{"allow":["GET"]}}],"collection":[{"href":"https:\/\/ctec.ufal.br\/posgraduacao\/ppgeq\/wp-json\/wp\/v2\/pages"}],"about":[{"href":"https:\/\/ctec.ufal.br\/posgraduacao\/ppgeq\/wp-json\/wp\/v2\/types\/page"}],"author":[{"embeddable":true,"href":"https:\/\/ctec.ufal.br\/posgraduacao\/ppgeq\/wp-json\/wp\/v2\/users\/1"}],"replies":[{"embeddable":true,"href":"https:\/\/ctec.ufal.br\/posgraduacao\/ppgeq\/wp-json\/wp\/v2\/comments?post=911"}],"version-history":[{"count":31,"href":"https:\/\/ctec.ufal.br\/posgraduacao\/ppgeq\/wp-json\/wp\/v2\/pages\/911\/revisions"}],"predecessor-version":[{"id":1145,"href":"https:\/\/ctec.ufal.br\/posgraduacao\/ppgeq\/wp-json\/wp\/v2\/pages\/911\/revisions\/1145"}],"wp:featuredmedia":[{"embeddable":true,"href":"https:\/\/ctec.ufal.br\/posgraduacao\/ppgeq\/wp-json\/wp\/v2\/media\/895"}],"wp:attachment":[{"href":"https:\/\/ctec.ufal.br\/posgraduacao\/ppgeq\/wp-json\/wp\/v2\/media?parent=911"}],"curies":[{"name":"wp","href":"https:\/\/api.w.org\/{rel}","templated":true}]}}

Processos Químicos, Biotecnológicos e Catalíticos

<div data-elementor-type="wp-page" data-elementor-id="911" class="elementor elementor-911" data-elementor-post-type="page">
				<div class="elementor-element elementor-element-1348f411 e-con-full e-flex e-con e-parent" data-id="1348f411" data-element_type="container" data-settings="{&quot;background_background&quot;:&quot;classic&quot;}">
		<div class="elementor-element elementor-element-4e56bdf8 e-flex e-con-boxed e-con e-child" data-id="4e56bdf8" data-element_type="container">
					<div class="e-con-inner">
				<div class="elementor-element elementor-element-24c596c1 elementor-view-default elementor-widget elementor-widget-icon" data-id="24c596c1" data-element_type="widget" data-widget_type="icon.default">
							<div class="elementor-icon-wrapper">
			<div class="elementor-icon">
			<svg aria-hidden="true" class="e-font-icon-svg e-fas-flask" viewBox="0 0 448 512" xmlns="http://www.w3.org/2000/svg"><path d="M437.2 403.5L320 215V64h8c13.3 0 24-10.7 24-24V24c0-13.3-10.7-24-24-24H120c-13.3 0-24 10.7-24 24v16c0 13.3 10.7 24 24 24h8v151L10.8 403.5C-18.5 450.6 15.3 512 70.9 512h306.2c55.7 0 89.4-61.5 60.1-108.5zM137.9 320l48.2-77.6c3.7-5.2 5.8-11.6 5.8-18.4V64h64v160c0 6.9 2.2 13.2 5.8 18.4l48.2 77.6h-172z"></path></svg>			</div>
		</div>
						</div>
					</div>
				</div>
				</div>
		<div class="elementor-element elementor-element-9f936a5 e-flex e-con-boxed e-con e-parent" data-id="9f936a5" data-element_type="container">
					<div class="e-con-inner">
				<div class="elementor-element elementor-element-8756bf1 elementor-widget elementor-widget-text-editor" data-id="8756bf1" data-element_type="widget" data-widget_type="text-editor.default">
									<p class="p1">Esta linha de pesquisa abrange o estudo,<strong> desenvolvimento e otimização de processos industriais</strong> baseados em transformações químicas, bioquímicas, catalíticas e enzimáticas. São investigados fenômenos de reação e suas variáveis operacionais, buscando melhorias em rendimento, seletividade, segurança e sustentabilidade dos processos.</p>
<p class="p1">Os estudos envolvem desde reações homogêneas e heterogêneas em fase gasosa ou líquida, até processos biotecnológicos aplicados à produção de fármacos, alimentos, combustíveis, insumos químicos e materiais de interesse industrial. A atuação inclui também o desenvolvimento e a caracterização de catalisadores e biocatalisadores, visando maior eficiência em processos reacionais complexos.</p>
<p class="p1">Além dos aspectos experimentais, há ênfase na <b>modelagem fenomenológica e empírica</b>, simulação dinâmica e em regime permanente, análise cinética, controle de processos e integração energética. Essas abordagens permitem projetar, escalar e otimizar processos químicos e bioquímicos, alinhando inovação tecnológica à redução de impactos ambientais e ao uso racional de recursos.</p>								</div>
					</div>
				</div>
				</div>

<p>Esta linha de pesquisa abrange o estudo, desenvolvimento e otimização de processos industriais baseados em transformações químicas, bioquímicas, catalíticas e enzimáticas. São investigados fenômenos de reação e suas variáveis operacionais, buscando melhorias em rendimento, seletividade, segurança e sustentabilidade dos processos. Os estudos envolvem desde reações homogêneas e heterogêneas em fase gasosa ou líquida, até processos [&hellip;]</p>
