{"id":665,"date":"2025-07-27T10:08:10","date_gmt":"2025-07-27T13:08:10","guid":{"rendered":"https:\/\/sites.ufal.br\/f03d9d3cec\/?page_id=665"},"modified":"2025-08-07T21:22:06","modified_gmt":"2025-08-08T00:22:06","slug":"processos-quimicos-biotecnologicos-e-cataliticos","status":"publish","type":"page","link":"https:\/\/ctec.ufal.br\/posgraduacao\/ppgeq\/processos-quimicos-biotecnologicos-e-cataliticos\/","title":{"rendered":"Sistemas de Separa\u00e7\u00e3o, Energia e Meio Ambiente"},"content":{"rendered":"\t\t<div data-elementor-type=\"wp-page\" data-elementor-id=\"665\" class=\"elementor elementor-665\" data-elementor-post-type=\"page\">\n\t\t\t\t<div class=\"elementor-element elementor-element-15270f8e e-con-full e-flex e-con e-parent\" data-id=\"15270f8e\" data-element_type=\"container\" data-settings=\"{&quot;background_background&quot;:&quot;classic&quot;}\">\n\t\t<div class=\"elementor-element elementor-element-79fa175c e-flex e-con-boxed e-con e-child\" data-id=\"79fa175c\" data-element_type=\"container\">\n\t\t\t\t\t<div class=\"e-con-inner\">\n\t\t\t\t<div class=\"elementor-element elementor-element-24e396c7 elementor-view-default elementor-widget elementor-widget-icon\" data-id=\"24e396c7\" data-element_type=\"widget\" data-widget_type=\"icon.default\">\n\t\t\t\t\t\t\t<div class=\"elementor-icon-wrapper\">\n\t\t\t<div class=\"elementor-icon\">\n\t\t\t<svg aria-hidden=\"true\" class=\"e-font-icon-svg e-fas-flask\" viewBox=\"0 0 448 512\" xmlns=\"http:\/\/www.w3.org\/2000\/svg\"><path d=\"M437.2 403.5L320 215V64h8c13.3 0 24-10.7 24-24V24c0-13.3-10.7-24-24-24H120c-13.3 0-24 10.7-24 24v16c0 13.3 10.7 24 24 24h8v151L10.8 403.5C-18.5 450.6 15.3 512 70.9 512h306.2c55.7 0 89.4-61.5 60.1-108.5zM137.9 320l48.2-77.6c3.7-5.2 5.8-11.6 5.8-18.4V64h64v160c0 6.9 2.2 13.2 5.8 18.4l48.2 77.6h-172z\"><\/path><\/svg>\t\t\t<\/div>\n\t\t<\/div>\n\t\t\t\t\t\t<\/div>\n\t\t\t\t\t<\/div>\n\t\t\t\t<\/div>\n\t\t\t\t<\/div>\n\t\t<div class=\"elementor-element elementor-element-2c5fa8d6 e-flex e-con-boxed e-con e-parent\" data-id=\"2c5fa8d6\" data-element_type=\"container\">\n\t\t\t\t\t<div class=\"e-con-inner\">\n\t\t\t\t<div class=\"elementor-element elementor-element-3bc5e29b elementor-widget elementor-widget-text-editor\" data-id=\"3bc5e29b\" data-element_type=\"widget\" data-widget_type=\"text-editor.default\">\n\t\t\t\t\t\t\t\t\t<p>Esta linha de pesquisa compreende o estudo e o <strong>desenvolvimento de processos de separa\u00e7\u00e3o<\/strong> aplicados \u00e0 Engenharia Qu\u00edmica, envolvendo intera\u00e7\u00f5es entre fases l\u00edquida, s\u00f3lida e gasosa. As investiga\u00e7\u00f5es abrangem sistemas como extra\u00e7\u00e3o l\u00edquido-l\u00edquido, separa\u00e7\u00f5es s\u00f3lido-l\u00edquido e g\u00e1s-l\u00edquido, adsor\u00e7\u00e3o, membranas, destila\u00e7\u00e3o, entre outros, com foco na efici\u00eancia, seletividade e viabilidade econ\u00f4mica em contextos industriais.<\/p>\n<p>Inclui, ainda, pesquisas direcionadas ao <b>setor de petr\u00f3leo e g\u00e1s<\/b>, envolvendo o aprimoramento de processos de refino, separa\u00e7\u00e3o de fra\u00e7\u00f5es, aproveitamento de subprodutos e mitiga\u00e7\u00e3o de impactos ambientais. No campo da energia, aborda o desenvolvimento e a avalia\u00e7\u00e3o de fontes alternativas, como biocombust\u00edveis, hidrog\u00eanio, energia solar e e\u00f3lica, com \u00eanfase na sustentabilidade e na transi\u00e7\u00e3o energ\u00e9tica.<\/p>\n<p>Outro eixo fundamental diz respeito ao <b>meio ambiente<\/b>, englobando o tratamento f\u00edsico-qu\u00edmico e biol\u00f3gico de efluentes industriais e urbanos, a remo\u00e7\u00e3o de poluentes emergentes, a recupera\u00e7\u00e3o de recursos e a an\u00e1lise de impacto ambiental. As atividades desenvolvidas envolvem tanto abordagens experimentais quanto ferramentas computacionais de modelagem, simula\u00e7\u00e3o, an\u00e1lise de sensibilidade e otimiza\u00e7\u00e3o de processos.<\/p>\t\t\t\t\t\t\t\t<\/div>\n\t\t\t\t\t<\/div>\n\t\t\t\t<\/div>\n\t\t\t\t<\/div>\n\t\t","protected":false},"excerpt":{"rendered":"<p>Esta linha de pesquisa compreende o estudo e o desenvolvimento de processos de separa\u00e7\u00e3o aplicados \u00e0 Engenharia Qu\u00edmica, envolvendo intera\u00e7\u00f5es entre fases l\u00edquida, s\u00f3lida e gasosa. As investiga\u00e7\u00f5es abrangem sistemas como extra\u00e7\u00e3o l\u00edquido-l\u00edquido, separa\u00e7\u00f5es s\u00f3lido-l\u00edquido e g\u00e1s-l\u00edquido, adsor\u00e7\u00e3o, membranas, destila\u00e7\u00e3o, entre outros, com foco na efici\u00eancia, seletividade e viabilidade econ\u00f4mica em contextos industriais. Inclui, ainda, [&hellip;]<\/p>\n","protected":false},"author":1,"featured_media":894,"parent":0,"menu_order":0,"comment_status":"closed","ping_status":"closed","template":"","meta":{"footnotes":""},"class_list":["post-665","page","type-page","status-publish","has-post-thumbnail","hentry"],"_links":{"self":[{"href":"https:\/\/ctec.ufal.br\/posgraduacao\/ppgeq\/wp-json\/wp\/v2\/pages\/665","targetHints":{"allow":["GET"]}}],"collection":[{"href":"https:\/\/ctec.ufal.br\/posgraduacao\/ppgeq\/wp-json\/wp\/v2\/pages"}],"about":[{"href":"https:\/\/ctec.ufal.br\/posgraduacao\/ppgeq\/wp-json\/wp\/v2\/types\/page"}],"author":[{"embeddable":true,"href":"https:\/\/ctec.ufal.br\/posgraduacao\/ppgeq\/wp-json\/wp\/v2\/users\/1"}],"replies":[{"embeddable":true,"href":"https:\/\/ctec.ufal.br\/posgraduacao\/ppgeq\/wp-json\/wp\/v2\/comments?post=665"}],"version-history":[{"count":17,"href":"https:\/\/ctec.ufal.br\/posgraduacao\/ppgeq\/wp-json\/wp\/v2\/pages\/665\/revisions"}],"predecessor-version":[{"id":1139,"href":"https:\/\/ctec.ufal.br\/posgraduacao\/ppgeq\/wp-json\/wp\/v2\/pages\/665\/revisions\/1139"}],"wp:featuredmedia":[{"embeddable":true,"href":"https:\/\/ctec.ufal.br\/posgraduacao\/ppgeq\/wp-json\/wp\/v2\/media\/894"}],"wp:attachment":[{"href":"https:\/\/ctec.ufal.br\/posgraduacao\/ppgeq\/wp-json\/wp\/v2\/media?parent=665"}],"curies":[{"name":"wp","href":"https:\/\/api.w.org\/{rel}","templated":true}]}}

Sistemas de Separação, Energia e Meio Ambiente

<div data-elementor-type="wp-page" data-elementor-id="665" class="elementor elementor-665" data-elementor-post-type="page">
				<div class="elementor-element elementor-element-15270f8e e-con-full e-flex e-con e-parent" data-id="15270f8e" data-element_type="container" data-settings="{&quot;background_background&quot;:&quot;classic&quot;}">
		<div class="elementor-element elementor-element-79fa175c e-flex e-con-boxed e-con e-child" data-id="79fa175c" data-element_type="container">
					<div class="e-con-inner">
				<div class="elementor-element elementor-element-24e396c7 elementor-view-default elementor-widget elementor-widget-icon" data-id="24e396c7" data-element_type="widget" data-widget_type="icon.default">
							<div class="elementor-icon-wrapper">
			<div class="elementor-icon">
			<svg aria-hidden="true" class="e-font-icon-svg e-fas-flask" viewBox="0 0 448 512" xmlns="http://www.w3.org/2000/svg"><path d="M437.2 403.5L320 215V64h8c13.3 0 24-10.7 24-24V24c0-13.3-10.7-24-24-24H120c-13.3 0-24 10.7-24 24v16c0 13.3 10.7 24 24 24h8v151L10.8 403.5C-18.5 450.6 15.3 512 70.9 512h306.2c55.7 0 89.4-61.5 60.1-108.5zM137.9 320l48.2-77.6c3.7-5.2 5.8-11.6 5.8-18.4V64h64v160c0 6.9 2.2 13.2 5.8 18.4l48.2 77.6h-172z"></path></svg>			</div>
		</div>
						</div>
					</div>
				</div>
				</div>
		<div class="elementor-element elementor-element-2c5fa8d6 e-flex e-con-boxed e-con e-parent" data-id="2c5fa8d6" data-element_type="container">
					<div class="e-con-inner">
				<div class="elementor-element elementor-element-3bc5e29b elementor-widget elementor-widget-text-editor" data-id="3bc5e29b" data-element_type="widget" data-widget_type="text-editor.default">
									<p>Esta linha de pesquisa compreende o estudo e o <strong>desenvolvimento de processos de separação</strong> aplicados à Engenharia Química, envolvendo interações entre fases líquida, sólida e gasosa. As investigações abrangem sistemas como extração líquido-líquido, separações sólido-líquido e gás-líquido, adsorção, membranas, destilação, entre outros, com foco na eficiência, seletividade e viabilidade econômica em contextos industriais.</p>
<p>Inclui, ainda, pesquisas direcionadas ao <b>setor de petróleo e gás</b>, envolvendo o aprimoramento de processos de refino, separação de frações, aproveitamento de subprodutos e mitigação de impactos ambientais. No campo da energia, aborda o desenvolvimento e a avaliação de fontes alternativas, como biocombustíveis, hidrogênio, energia solar e eólica, com ênfase na sustentabilidade e na transição energética.</p>
<p>Outro eixo fundamental diz respeito ao <b>meio ambiente</b>, englobando o tratamento físico-químico e biológico de efluentes industriais e urbanos, a remoção de poluentes emergentes, a recuperação de recursos e a análise de impacto ambiental. As atividades desenvolvidas envolvem tanto abordagens experimentais quanto ferramentas computacionais de modelagem, simulação, análise de sensibilidade e otimização de processos.</p>								</div>
					</div>
				</div>
				</div>

<p>Esta linha de pesquisa compreende o estudo e o desenvolvimento de processos de separação aplicados à Engenharia Química, envolvendo interações entre fases líquida, sólida e gasosa. As investigações abrangem sistemas como extração líquido-líquido, separações sólido-líquido e gás-líquido, adsorção, membranas, destilação, entre outros, com foco na eficiência, seletividade e viabilidade econômica em contextos industriais. Inclui, ainda, [&hellip;]</p>
