{"id":1329,"date":"2025-08-16T16:18:22","date_gmt":"2025-08-16T19:18:22","guid":{"rendered":"https:\/\/sites.ufal.br\/f03d9d3cec\/?page_id=1329"},"modified":"2025-11-09T10:46:08","modified_gmt":"2025-11-09T13:46:08","slug":"lapro","status":"publish","type":"page","link":"https:\/\/ctec.ufal.br\/posgraduacao\/ppgeq\/lapro\/","title":{"rendered":"LAPRO"},"content":{"rendered":"\t\t<div data-elementor-type=\"wp-page\" data-elementor-id=\"1329\" class=\"elementor elementor-1329\" data-elementor-post-type=\"page\">\n\t\t\t\t<div class=\"elementor-element elementor-element-31bcc649 e-con-full e-flex e-con e-parent\" data-id=\"31bcc649\" data-element_type=\"container\" data-settings=\"{&quot;background_background&quot;:&quot;classic&quot;}\">\n\t\t<div class=\"elementor-element elementor-element-7cbff096 e-flex e-con-boxed e-con e-child\" data-id=\"7cbff096\" data-element_type=\"container\">\n\t\t\t\t\t<div class=\"e-con-inner\">\n\t\t\t\t<div class=\"elementor-element elementor-element-3bc99bbf elementor-view-default elementor-widget elementor-widget-icon\" data-id=\"3bc99bbf\" data-element_type=\"widget\" data-widget_type=\"icon.default\">\n\t\t\t\t\t\t\t<div class=\"elementor-icon-wrapper\">\n\t\t\t<div class=\"elementor-icon\">\n\t\t\t<svg aria-hidden=\"true\" class=\"e-font-icon-svg e-fas-flask\" viewBox=\"0 0 448 512\" xmlns=\"http:\/\/www.w3.org\/2000\/svg\"><path d=\"M437.2 403.5L320 215V64h8c13.3 0 24-10.7 24-24V24c0-13.3-10.7-24-24-24H120c-13.3 0-24 10.7-24 24v16c0 13.3 10.7 24 24 24h8v151L10.8 403.5C-18.5 450.6 15.3 512 70.9 512h306.2c55.7 0 89.4-61.5 60.1-108.5zM137.9 320l48.2-77.6c3.7-5.2 5.8-11.6 5.8-18.4V64h64v160c0 6.9 2.2 13.2 5.8 18.4l48.2 77.6h-172z\"><\/path><\/svg>\t\t\t<\/div>\n\t\t<\/div>\n\t\t\t\t\t\t<\/div>\n\t\t\t\t\t<\/div>\n\t\t\t\t<\/div>\n\t\t\t\t<\/div>\n\t\t<div class=\"elementor-element elementor-element-6cbb413d e-flex e-con-boxed e-con e-parent\" data-id=\"6cbb413d\" data-element_type=\"container\">\n\t\t\t\t\t<div class=\"e-con-inner\">\n\t\t<div class=\"elementor-element elementor-element-55f3d5ef e-con-full e-flex e-con e-child\" data-id=\"55f3d5ef\" data-element_type=\"container\">\n\t\t\t\t<div class=\"elementor-element elementor-element-47a2bce0 elementor-widget elementor-widget-text-editor\" data-id=\"47a2bce0\" data-element_type=\"widget\" data-widget_type=\"text-editor.default\">\n\t\t\t\t\t\t\t\t\t<div id=\"model-response-message-contentr_8c3991e55d072c68\" class=\"markdown markdown-main-panel enable-updated-hr-color\" dir=\"ltr\"><p>Fundado em 2017, o <strong>Laborat\u00f3rio de Processos Aplicados ao Tratamento de \u00c1gua (LAPRO)<\/strong> \u00e9 um centro de pesquisa no Centro de Tecnologia da Universidade Federal de Alagoas (UFAL), em Macei\u00f3, Brasil. O laborat\u00f3rio se dedica ao desenvolvimento de solu\u00e7\u00f5es inovadoras de engenharia qu\u00edmica para o tratamento de \u00e1gua e efluentes, com forte foco em processos de separa\u00e7\u00e3o, remedia\u00e7\u00e3o ambiental e s\u00edntese de materiais avan\u00e7ados.<\/p><p>Nossas principais \u00e1reas de atua\u00e7\u00e3o incluem:<\/p><ul><li><p><b>Adsor\u00e7\u00e3o:<\/b> Projeto, s\u00edntese e otimiza\u00e7\u00e3o de adsorventes funcionais para a remo\u00e7\u00e3o de corantes, produtos farmac\u00eauticos, metais pesados e outros contaminantes emergentes de sistemas aquosos.<\/p><\/li><li><p><b>Processos Oxidativos Avan\u00e7ados (POAs):<\/b> Aplica\u00e7\u00e3o de tecnologias oxidativas para a degrada\u00e7\u00e3o de subst\u00e2ncias persistentes e perigosas na \u00e1gua.<\/p><\/li><li><p><b>S\u00edntese de Materiais:<\/b> Desenvolvimento de materiais nanoestruturados e h\u00edbridos, como hidr\u00f3xidos duplos lamelares (HDLs), biocarv\u00f5es e comp\u00f3sitos magn\u00e9ticos, projetados para aplica\u00e7\u00f5es ambientais.<\/p><\/li><li><p><b>Micropl\u00e1sticos:<\/b> Investiga\u00e7\u00e3o da ocorr\u00eancia, libera\u00e7\u00e3o, detec\u00e7\u00e3o e tratamento de micropl\u00e1sticos em sistemas h\u00eddricos, com \u00eanfase nos impactos ambientais e relacionados \u00e0 sa\u00fade.<\/p><\/li><\/ul><\/div>\t\t\t\t\t\t\t\t<\/div>\n\t\t\t\t<\/div>\n\t\t<div class=\"elementor-element elementor-element-1c426f6c e-con-full e-flex e-con e-child\" data-id=\"1c426f6c\" data-element_type=\"container\">\n\t\t\t\t<div class=\"elementor-element elementor-element-a18643d elementor-widget elementor-widget-text-editor\" data-id=\"a18643d\" data-element_type=\"widget\" data-widget_type=\"text-editor.default\">\n\t\t\t\t\t\t\t\t\t<p>O <strong>LAPRO<\/strong> promove pesquisas interdisciplinares na interse\u00e7\u00e3o da engenharia ambiental, ci\u00eancia dos materiais e tecnologias sustent\u00e1veis. Nossos projetos s\u00e3o frequentemente baseados na valoriza\u00e7\u00e3o de res\u00edduos agroindustriais e no uso circular de recursos regionais. Colaboramos ativamente com institui\u00e7\u00f5es nacionais e internacionais e estamos comprometidos em capacitar a pr\u00f3xima gera\u00e7\u00e3o de pesquisadores e profissionais aptos a enfrentar a crise h\u00eddrica global.<\/p><p>Explore nosso trabalho e saiba como estamos contribuindo para um futuro mais limpo, seguro e sustent\u00e1vel atrav\u00e9s da ci\u00eancia e da inova\u00e7\u00e3o.<\/p>\t\t\t\t\t\t\t\t<\/div>\n\t\t\t\t<div class=\"elementor-element elementor-element-039557d elementor-widget elementor-widget-image\" data-id=\"039557d\" data-element_type=\"widget\" data-widget_type=\"image.default\">\n\t\t\t\t\t\t\t\t\t\t\t\t\t\t\t<img fetchpriority=\"high\" decoding=\"async\" width=\"768\" height=\"1024\" src=\"https:\/\/ctec.ufal.br\/posgraduacao\/ppgeq\/wp-content\/uploads\/2025\/08\/WhatsApp-Image-2025-08-04-at-15.39.50.jpeg\" class=\"attachment-large size-large wp-image-1338\" alt=\"\" srcset=\"https:\/\/ctec.ufal.br\/posgraduacao\/ppgeq\/wp-content\/uploads\/2025\/08\/WhatsApp-Image-2025-08-04-at-15.39.50.jpeg 768w, https:\/\/ctec.ufal.br\/posgraduacao\/ppgeq\/wp-content\/uploads\/2025\/08\/WhatsApp-Image-2025-08-04-at-15.39.50-225x300.jpeg 225w\" sizes=\"(max-width: 768px) 100vw, 768px\" \/>\t\t\t\t\t\t\t\t\t\t\t\t\t\t\t<\/div>\n\t\t\t\t<\/div>\n\t\t\t\t\t<\/div>\n\t\t\t\t<\/div>\n\t\t\t\t<\/div>\n\t\t","protected":false},"excerpt":{"rendered":"<p>Fundado em 2017, o Laborat\u00f3rio de Processos Aplicados ao Tratamento de \u00c1gua (LAPRO) \u00e9 um centro de pesquisa no Centro de Tecnologia da Universidade Federal de Alagoas (UFAL), em Macei\u00f3, Brasil. O laborat\u00f3rio se dedica ao desenvolvimento de solu\u00e7\u00f5es inovadoras de engenharia qu\u00edmica para o tratamento de \u00e1gua e efluentes, com forte foco em processos [&hellip;]<\/p>\n","protected":false},"author":1,"featured_media":0,"parent":0,"menu_order":0,"comment_status":"closed","ping_status":"closed","template":"","meta":{"footnotes":""},"class_list":["post-1329","page","type-page","status-publish","hentry"],"_links":{"self":[{"href":"https:\/\/ctec.ufal.br\/posgraduacao\/ppgeq\/wp-json\/wp\/v2\/pages\/1329","targetHints":{"allow":["GET"]}}],"collection":[{"href":"https:\/\/ctec.ufal.br\/posgraduacao\/ppgeq\/wp-json\/wp\/v2\/pages"}],"about":[{"href":"https:\/\/ctec.ufal.br\/posgraduacao\/ppgeq\/wp-json\/wp\/v2\/types\/page"}],"author":[{"embeddable":true,"href":"https:\/\/ctec.ufal.br\/posgraduacao\/ppgeq\/wp-json\/wp\/v2\/users\/1"}],"replies":[{"embeddable":true,"href":"https:\/\/ctec.ufal.br\/posgraduacao\/ppgeq\/wp-json\/wp\/v2\/comments?post=1329"}],"version-history":[{"count":16,"href":"https:\/\/ctec.ufal.br\/posgraduacao\/ppgeq\/wp-json\/wp\/v2\/pages\/1329\/revisions"}],"predecessor-version":[{"id":1440,"href":"https:\/\/ctec.ufal.br\/posgraduacao\/ppgeq\/wp-json\/wp\/v2\/pages\/1329\/revisions\/1440"}],"wp:attachment":[{"href":"https:\/\/ctec.ufal.br\/posgraduacao\/ppgeq\/wp-json\/wp\/v2\/media?parent=1329"}],"curies":[{"name":"wp","href":"https:\/\/api.w.org\/{rel}","templated":true}]}}

<div data-elementor-type="wp-page" data-elementor-id="1329" class="elementor elementor-1329" data-elementor-post-type="page">
				<div class="elementor-element elementor-element-31bcc649 e-con-full e-flex e-con e-parent" data-id="31bcc649" data-element_type="container" data-settings="{&quot;background_background&quot;:&quot;classic&quot;}">
		<div class="elementor-element elementor-element-7cbff096 e-flex e-con-boxed e-con e-child" data-id="7cbff096" data-element_type="container">
					<div class="e-con-inner">
				<div class="elementor-element elementor-element-3bc99bbf elementor-view-default elementor-widget elementor-widget-icon" data-id="3bc99bbf" data-element_type="widget" data-widget_type="icon.default">
							<div class="elementor-icon-wrapper">
			<div class="elementor-icon">
			<svg aria-hidden="true" class="e-font-icon-svg e-fas-flask" viewBox="0 0 448 512" xmlns="http://www.w3.org/2000/svg"><path d="M437.2 403.5L320 215V64h8c13.3 0 24-10.7 24-24V24c0-13.3-10.7-24-24-24H120c-13.3 0-24 10.7-24 24v16c0 13.3 10.7 24 24 24h8v151L10.8 403.5C-18.5 450.6 15.3 512 70.9 512h306.2c55.7 0 89.4-61.5 60.1-108.5zM137.9 320l48.2-77.6c3.7-5.2 5.8-11.6 5.8-18.4V64h64v160c0 6.9 2.2 13.2 5.8 18.4l48.2 77.6h-172z"></path></svg>			</div>
		</div>
						</div>
					</div>
				</div>
				</div>
		<div class="elementor-element elementor-element-6cbb413d e-flex e-con-boxed e-con e-parent" data-id="6cbb413d" data-element_type="container">
					<div class="e-con-inner">
		<div class="elementor-element elementor-element-55f3d5ef e-con-full e-flex e-con e-child" data-id="55f3d5ef" data-element_type="container">
				<div class="elementor-element elementor-element-47a2bce0 elementor-widget elementor-widget-text-editor" data-id="47a2bce0" data-element_type="widget" data-widget_type="text-editor.default">
									<div id="model-response-message-contentr_8c3991e55d072c68" class="markdown markdown-main-panel enable-updated-hr-color" dir="ltr"><p>Fundado em 2017, o <strong>Laboratório de Processos Aplicados ao Tratamento de Água (LAPRO)</strong> é um centro de pesquisa no Centro de Tecnologia da Universidade Federal de Alagoas (UFAL), em Maceió, Brasil. O laboratório se dedica ao desenvolvimento de soluções inovadoras de engenharia química para o tratamento de água e efluentes, com forte foco em processos de separação, remediação ambiental e síntese de materiais avançados.</p><p>Nossas principais áreas de atuação incluem:</p><ul><li><p><b>Adsorção:</b> Projeto, síntese e otimização de adsorventes funcionais para a remoção de corantes, produtos farmacêuticos, metais pesados e outros contaminantes emergentes de sistemas aquosos.</p></li><li><p><b>Processos Oxidativos Avançados (POAs):</b> Aplicação de tecnologias oxidativas para a degradação de substâncias persistentes e perigosas na água.</p></li><li><p><b>Síntese de Materiais:</b> Desenvolvimento de materiais nanoestruturados e híbridos, como hidróxidos duplos lamelares (HDLs), biocarvões e compósitos magnéticos, projetados para aplicações ambientais.</p></li><li><p><b>Microplásticos:</b> Investigação da ocorrência, liberação, detecção e tratamento de microplásticos em sistemas hídricos, com ênfase nos impactos ambientais e relacionados à saúde.</p></li></ul></div>								</div>
				</div>
		<div class="elementor-element elementor-element-1c426f6c e-con-full e-flex e-con e-child" data-id="1c426f6c" data-element_type="container">
				<div class="elementor-element elementor-element-a18643d elementor-widget elementor-widget-text-editor" data-id="a18643d" data-element_type="widget" data-widget_type="text-editor.default">
									<p>O <strong>LAPRO</strong> promove pesquisas interdisciplinares na interseção da engenharia ambiental, ciência dos materiais e tecnologias sustentáveis. Nossos projetos são frequentemente baseados na valorização de resíduos agroindustriais e no uso circular de recursos regionais. Colaboramos ativamente com instituições nacionais e internacionais e estamos comprometidos em capacitar a próxima geração de pesquisadores e profissionais aptos a enfrentar a crise hídrica global.</p><p>Explore nosso trabalho e saiba como estamos contribuindo para um futuro mais limpo, seguro e sustentável através da ciência e da inovação.</p>								</div>
				<div class="elementor-element elementor-element-039557d elementor-widget elementor-widget-image" data-id="039557d" data-element_type="widget" data-widget_type="image.default">
															<img fetchpriority="high" decoding="async" width="768" height="1024" src="https://ctec.ufal.br/posgraduacao/ppgeq/wp-content/uploads/2025/08/WhatsApp-Image-2025-08-04-at-15.39.50.jpeg" class="attachment-large size-large wp-image-1338" alt="" srcset="https://ctec.ufal.br/posgraduacao/ppgeq/wp-content/uploads/2025/08/WhatsApp-Image-2025-08-04-at-15.39.50.jpeg 768w, https://ctec.ufal.br/posgraduacao/ppgeq/wp-content/uploads/2025/08/WhatsApp-Image-2025-08-04-at-15.39.50-225x300.jpeg 225w" sizes="(max-width: 768px) 100vw, 768px" />															</div>
				</div>
					</div>
				</div>
				</div>

<p>Fundado em 2017, o Laboratório de Processos Aplicados ao Tratamento de Água (LAPRO) é um centro de pesquisa no Centro de Tecnologia da Universidade Federal de Alagoas (UFAL), em Maceió, Brasil. O laboratório se dedica ao desenvolvimento de soluções inovadoras de engenharia química para o tratamento de água e efluentes, com forte foco em processos [&hellip;]</p>
