{"id":1198,"date":"2025-08-16T10:48:05","date_gmt":"2025-08-16T13:48:05","guid":{"rendered":"https:\/\/sites.ufal.br\/f03d9d3cec\/?page_id=1198"},"modified":"2025-11-09T10:53:11","modified_gmt":"2025-11-09T13:53:11","slug":"latec","status":"publish","type":"page","link":"https:\/\/ctec.ufal.br\/posgraduacao\/ppgeq\/latec\/","title":{"rendered":"LATEC"},"content":{"rendered":"\t\t<div data-elementor-type=\"wp-page\" data-elementor-id=\"1198\" class=\"elementor elementor-1198\" data-elementor-post-type=\"page\">\n\t\t\t\t<div class=\"elementor-element elementor-element-69bf3cdf e-con-full e-flex e-con e-parent\" data-id=\"69bf3cdf\" data-element_type=\"container\" data-settings=\"{&quot;background_background&quot;:&quot;classic&quot;}\">\n\t\t<div class=\"elementor-element elementor-element-439ab157 e-flex e-con-boxed e-con e-child\" data-id=\"439ab157\" data-element_type=\"container\">\n\t\t\t\t\t<div class=\"e-con-inner\">\n\t\t\t\t<div class=\"elementor-element elementor-element-3326a3f7 elementor-view-default elementor-widget elementor-widget-icon\" data-id=\"3326a3f7\" data-element_type=\"widget\" data-widget_type=\"icon.default\">\n\t\t\t\t\t\t\t<div class=\"elementor-icon-wrapper\">\n\t\t\t<div class=\"elementor-icon\">\n\t\t\t<svg aria-hidden=\"true\" class=\"e-font-icon-svg e-fas-flask\" viewBox=\"0 0 448 512\" xmlns=\"http:\/\/www.w3.org\/2000\/svg\"><path d=\"M437.2 403.5L320 215V64h8c13.3 0 24-10.7 24-24V24c0-13.3-10.7-24-24-24H120c-13.3 0-24 10.7-24 24v16c0 13.3 10.7 24 24 24h8v151L10.8 403.5C-18.5 450.6 15.3 512 70.9 512h306.2c55.7 0 89.4-61.5 60.1-108.5zM137.9 320l48.2-77.6c3.7-5.2 5.8-11.6 5.8-18.4V64h64v160c0 6.9 2.2 13.2 5.8 18.4l48.2 77.6h-172z\"><\/path><\/svg>\t\t\t<\/div>\n\t\t<\/div>\n\t\t\t\t\t\t<\/div>\n\t\t\t\t\t<\/div>\n\t\t\t\t<\/div>\n\t\t\t\t<\/div>\n\t\t<div class=\"elementor-element elementor-element-3b443db9 e-flex e-con-boxed e-con e-parent\" data-id=\"3b443db9\" data-element_type=\"container\">\n\t\t\t\t\t<div class=\"e-con-inner\">\n\t\t<div class=\"elementor-element elementor-element-24ed233b e-con-full e-flex e-con e-child\" data-id=\"24ed233b\" data-element_type=\"container\">\n\t\t\t\t<div class=\"elementor-element elementor-element-c545e1a elementor-widget elementor-widget-image\" data-id=\"c545e1a\" data-element_type=\"widget\" data-widget_type=\"image.default\">\n\t\t\t\t\t\t\t\t\t\t\t\t\t\t\t<img fetchpriority=\"high\" decoding=\"async\" width=\"800\" height=\"450\" src=\"https:\/\/ctec.ufal.br\/posgraduacao\/ppgeq\/wp-content\/uploads\/2025\/08\/WhatsApp-Image-2025-08-12-at-13.32.29-1024x576.jpeg\" class=\"attachment-large size-large wp-image-1344\" alt=\"\" srcset=\"https:\/\/ctec.ufal.br\/posgraduacao\/ppgeq\/wp-content\/uploads\/2025\/08\/WhatsApp-Image-2025-08-12-at-13.32.29-1024x576.jpeg 1024w, https:\/\/ctec.ufal.br\/posgraduacao\/ppgeq\/wp-content\/uploads\/2025\/08\/WhatsApp-Image-2025-08-12-at-13.32.29-300x169.jpeg 300w, https:\/\/ctec.ufal.br\/posgraduacao\/ppgeq\/wp-content\/uploads\/2025\/08\/WhatsApp-Image-2025-08-12-at-13.32.29-768x432.jpeg 768w, https:\/\/ctec.ufal.br\/posgraduacao\/ppgeq\/wp-content\/uploads\/2025\/08\/WhatsApp-Image-2025-08-12-at-13.32.29-1536x864.jpeg 1536w, https:\/\/ctec.ufal.br\/posgraduacao\/ppgeq\/wp-content\/uploads\/2025\/08\/WhatsApp-Image-2025-08-12-at-13.32.29-2048x1152.jpeg 2048w\" sizes=\"(max-width: 800px) 100vw, 800px\" \/>\t\t\t\t\t\t\t\t\t\t\t\t\t\t\t<\/div>\n\t\t\t\t<div class=\"elementor-element elementor-element-70ae42f4 elementor-widget elementor-widget-text-editor\" data-id=\"70ae42f4\" data-element_type=\"widget\" data-widget_type=\"text-editor.default\">\n\t\t\t\t\t\t\t\t\t<p>O <strong>Laborat\u00f3rio de Tecnologias Aplicadas (LATEC)<\/strong> \u00e9 um ambiente de pesquisa dedicado \u00e0 s\u00edntese de materiais avan\u00e7ados e instrumenta\u00e7\u00e3o anal\u00edtica para desenvolvimento de tecnologias aplicadas nas \u00e1reas biom\u00e9dica, ambiental e solu\u00e7\u00f5es industriais. Sob coordena\u00e7\u00e3o dos docentes Prof. Dr. Jo\u00e3o Batista Maia Rocha Neto e Profa. Dra. V\u00e2nia de Lourdes das Gra\u00e7as Teles, o LATEC conta com a colabora\u00e7\u00e3o direta de 04 professores do Centro de Tecnologia e Instituto de Qu\u00edmica e Biotecnologia da UFAL.<\/p><p>\u00a0<\/p><p>A infraestrutura atual do laborat\u00f3rio conta com sistemas de ultrassom, pHmetros de bancada, microcentr\u00edfuga, banho termost\u00e1tico, estufa, impressora 3D em resina, placas de aquecimento, destilador de \u00e1cidos graxos, reator de hidr\u00f3lise \u00e1cida, balan\u00e7a anal\u00edtica e semi-anal\u00edtica, sistema de deioniza\u00e7\u00e3o de \u00e1gua, capela de fluxo laminar, sonda multipar\u00e2metros para controle qualidade de \u00e1guas, autoclave e diversos instrumentos port\u00e1teis (dens\u00edmetros, refrat\u00f4metros, pHmetro, condutiv\u00edmetros e alcoolo\u00f4metros).<\/p>\t\t\t\t\t\t\t\t<\/div>\n\t\t\t\t<\/div>\n\t\t<div class=\"elementor-element elementor-element-257c3c3c e-con-full e-flex e-con e-child\" data-id=\"257c3c3c\" data-element_type=\"container\">\n\t\t\t\t<div class=\"elementor-element elementor-element-4cc8962a elementor-widget elementor-widget-text-editor\" data-id=\"4cc8962a\" data-element_type=\"widget\" data-widget_type=\"text-editor.default\">\n\t\t\t\t\t\t\t\t\t<p>Al\u00e9m disso, o LATEC possui um ambiente controlado para germina\u00e7\u00e3o de sementes e cultivo de vegetais. Atualmente existem v\u00e1rios projetos de pesquisa em andamento voltados para nanofertilizantes; inibidores de urease do solo; fertilizantes inteligentes; aproveitamento de res\u00edduos industriais em fotocat\u00e1lise, fertilizantes e sensores de metais t\u00f3xicos em \u00e1guas; funcionaliza\u00e7\u00e3o de quitosanas para aplica\u00e7\u00f5es ambientais e biom\u00e9dicas; desenvolvimento de tecnologias aplicadas \u00e0 solu\u00e7\u00f5es na ind\u00fastria petroqu\u00edmica.<\/p>\t\t\t\t\t\t\t\t<\/div>\n\t\t\t\t<div class=\"elementor-element elementor-element-046c208 elementor-widget elementor-widget-image\" data-id=\"046c208\" data-element_type=\"widget\" data-widget_type=\"image.default\">\n\t\t\t\t\t\t\t\t\t\t\t\t\t\t\t<img decoding=\"async\" width=\"800\" height=\"600\" src=\"https:\/\/ctec.ufal.br\/posgraduacao\/ppgeq\/wp-content\/uploads\/2025\/08\/IMG_2020-1024x768.jpg\" class=\"attachment-large size-large wp-image-1348\" alt=\"\" srcset=\"https:\/\/ctec.ufal.br\/posgraduacao\/ppgeq\/wp-content\/uploads\/2025\/08\/IMG_2020-1024x768.jpg 1024w, https:\/\/ctec.ufal.br\/posgraduacao\/ppgeq\/wp-content\/uploads\/2025\/08\/IMG_2020-300x225.jpg 300w, https:\/\/ctec.ufal.br\/posgraduacao\/ppgeq\/wp-content\/uploads\/2025\/08\/IMG_2020-768x576.jpg 768w, https:\/\/ctec.ufal.br\/posgraduacao\/ppgeq\/wp-content\/uploads\/2025\/08\/IMG_2020-1536x1152.jpg 1536w, https:\/\/ctec.ufal.br\/posgraduacao\/ppgeq\/wp-content\/uploads\/2025\/08\/IMG_2020-2048x1536.jpg 2048w\" sizes=\"(max-width: 800px) 100vw, 800px\" \/>\t\t\t\t\t\t\t\t\t\t\t\t\t\t\t<\/div>\n\t\t\t\t<\/div>\n\t\t\t\t\t<\/div>\n\t\t\t\t<\/div>\n\t\t\t\t<\/div>\n\t\t","protected":false},"excerpt":{"rendered":"<p>O Laborat\u00f3rio de Tecnologias Aplicadas (LATEC) \u00e9 um ambiente de pesquisa dedicado \u00e0 s\u00edntese de materiais avan\u00e7ados e instrumenta\u00e7\u00e3o anal\u00edtica para desenvolvimento de tecnologias aplicadas nas \u00e1reas biom\u00e9dica, ambiental e solu\u00e7\u00f5es industriais. Sob coordena\u00e7\u00e3o dos docentes Prof. Dr. Jo\u00e3o Batista Maia Rocha Neto e Profa. Dra. V\u00e2nia de Lourdes das Gra\u00e7as Teles, o LATEC conta [&hellip;]<\/p>\n","protected":false},"author":1,"featured_media":0,"parent":0,"menu_order":0,"comment_status":"closed","ping_status":"closed","template":"","meta":{"footnotes":""},"class_list":["post-1198","page","type-page","status-publish","hentry"],"_links":{"self":[{"href":"https:\/\/ctec.ufal.br\/posgraduacao\/ppgeq\/wp-json\/wp\/v2\/pages\/1198","targetHints":{"allow":["GET"]}}],"collection":[{"href":"https:\/\/ctec.ufal.br\/posgraduacao\/ppgeq\/wp-json\/wp\/v2\/pages"}],"about":[{"href":"https:\/\/ctec.ufal.br\/posgraduacao\/ppgeq\/wp-json\/wp\/v2\/types\/page"}],"author":[{"embeddable":true,"href":"https:\/\/ctec.ufal.br\/posgraduacao\/ppgeq\/wp-json\/wp\/v2\/users\/1"}],"replies":[{"embeddable":true,"href":"https:\/\/ctec.ufal.br\/posgraduacao\/ppgeq\/wp-json\/wp\/v2\/comments?post=1198"}],"version-history":[{"count":16,"href":"https:\/\/ctec.ufal.br\/posgraduacao\/ppgeq\/wp-json\/wp\/v2\/pages\/1198\/revisions"}],"predecessor-version":[{"id":1445,"href":"https:\/\/ctec.ufal.br\/posgraduacao\/ppgeq\/wp-json\/wp\/v2\/pages\/1198\/revisions\/1445"}],"wp:attachment":[{"href":"https:\/\/ctec.ufal.br\/posgraduacao\/ppgeq\/wp-json\/wp\/v2\/media?parent=1198"}],"curies":[{"name":"wp","href":"https:\/\/api.w.org\/{rel}","templated":true}]}}

<div data-elementor-type="wp-page" data-elementor-id="1198" class="elementor elementor-1198" data-elementor-post-type="page">
				<div class="elementor-element elementor-element-69bf3cdf e-con-full e-flex e-con e-parent" data-id="69bf3cdf" data-element_type="container" data-settings="{&quot;background_background&quot;:&quot;classic&quot;}">
		<div class="elementor-element elementor-element-439ab157 e-flex e-con-boxed e-con e-child" data-id="439ab157" data-element_type="container">
					<div class="e-con-inner">
				<div class="elementor-element elementor-element-3326a3f7 elementor-view-default elementor-widget elementor-widget-icon" data-id="3326a3f7" data-element_type="widget" data-widget_type="icon.default">
							<div class="elementor-icon-wrapper">
			<div class="elementor-icon">
			<svg aria-hidden="true" class="e-font-icon-svg e-fas-flask" viewBox="0 0 448 512" xmlns="http://www.w3.org/2000/svg"><path d="M437.2 403.5L320 215V64h8c13.3 0 24-10.7 24-24V24c0-13.3-10.7-24-24-24H120c-13.3 0-24 10.7-24 24v16c0 13.3 10.7 24 24 24h8v151L10.8 403.5C-18.5 450.6 15.3 512 70.9 512h306.2c55.7 0 89.4-61.5 60.1-108.5zM137.9 320l48.2-77.6c3.7-5.2 5.8-11.6 5.8-18.4V64h64v160c0 6.9 2.2 13.2 5.8 18.4l48.2 77.6h-172z"></path></svg>			</div>
		</div>
						</div>
					</div>
				</div>
				</div>
		<div class="elementor-element elementor-element-3b443db9 e-flex e-con-boxed e-con e-parent" data-id="3b443db9" data-element_type="container">
					<div class="e-con-inner">
		<div class="elementor-element elementor-element-24ed233b e-con-full e-flex e-con e-child" data-id="24ed233b" data-element_type="container">
				<div class="elementor-element elementor-element-c545e1a elementor-widget elementor-widget-image" data-id="c545e1a" data-element_type="widget" data-widget_type="image.default">
															<img fetchpriority="high" decoding="async" width="800" height="450" src="https://ctec.ufal.br/posgraduacao/ppgeq/wp-content/uploads/2025/08/WhatsApp-Image-2025-08-12-at-13.32.29-1024x576.jpeg" class="attachment-large size-large wp-image-1344" alt="" srcset="https://ctec.ufal.br/posgraduacao/ppgeq/wp-content/uploads/2025/08/WhatsApp-Image-2025-08-12-at-13.32.29-1024x576.jpeg 1024w, https://ctec.ufal.br/posgraduacao/ppgeq/wp-content/uploads/2025/08/WhatsApp-Image-2025-08-12-at-13.32.29-300x169.jpeg 300w, https://ctec.ufal.br/posgraduacao/ppgeq/wp-content/uploads/2025/08/WhatsApp-Image-2025-08-12-at-13.32.29-768x432.jpeg 768w, https://ctec.ufal.br/posgraduacao/ppgeq/wp-content/uploads/2025/08/WhatsApp-Image-2025-08-12-at-13.32.29-1536x864.jpeg 1536w, https://ctec.ufal.br/posgraduacao/ppgeq/wp-content/uploads/2025/08/WhatsApp-Image-2025-08-12-at-13.32.29-2048x1152.jpeg 2048w" sizes="(max-width: 800px) 100vw, 800px" />															</div>
				<div class="elementor-element elementor-element-70ae42f4 elementor-widget elementor-widget-text-editor" data-id="70ae42f4" data-element_type="widget" data-widget_type="text-editor.default">
									<p>O <strong>Laboratório de Tecnologias Aplicadas (LATEC)</strong> é um ambiente de pesquisa dedicado à síntese de materiais avançados e instrumentação analítica para desenvolvimento de tecnologias aplicadas nas áreas biomédica, ambiental e soluções industriais. Sob coordenação dos docentes Prof. Dr. João Batista Maia Rocha Neto e Profa. Dra. Vânia de Lourdes das Graças Teles, o LATEC conta com a colaboração direta de 04 professores do Centro de Tecnologia e Instituto de Química e Biotecnologia da UFAL.</p><p> </p><p>A infraestrutura atual do laboratório conta com sistemas de ultrassom, pHmetros de bancada, microcentrífuga, banho termostático, estufa, impressora 3D em resina, placas de aquecimento, destilador de ácidos graxos, reator de hidrólise ácida, balança analítica e semi-analítica, sistema de deionização de água, capela de fluxo laminar, sonda multiparâmetros para controle qualidade de águas, autoclave e diversos instrumentos portáteis (densímetros, refratômetros, pHmetro, condutivímetros e alcooloômetros).</p>								</div>
				</div>
		<div class="elementor-element elementor-element-257c3c3c e-con-full e-flex e-con e-child" data-id="257c3c3c" data-element_type="container">
				<div class="elementor-element elementor-element-4cc8962a elementor-widget elementor-widget-text-editor" data-id="4cc8962a" data-element_type="widget" data-widget_type="text-editor.default">
									<p>Além disso, o LATEC possui um ambiente controlado para germinação de sementes e cultivo de vegetais. Atualmente existem vários projetos de pesquisa em andamento voltados para nanofertilizantes; inibidores de urease do solo; fertilizantes inteligentes; aproveitamento de resíduos industriais em fotocatálise, fertilizantes e sensores de metais tóxicos em águas; funcionalização de quitosanas para aplicações ambientais e biomédicas; desenvolvimento de tecnologias aplicadas à soluções na indústria petroquímica.</p>								</div>
				<div class="elementor-element elementor-element-046c208 elementor-widget elementor-widget-image" data-id="046c208" data-element_type="widget" data-widget_type="image.default">
															<img decoding="async" width="800" height="600" src="https://ctec.ufal.br/posgraduacao/ppgeq/wp-content/uploads/2025/08/IMG_2020-1024x768.jpg" class="attachment-large size-large wp-image-1348" alt="" srcset="https://ctec.ufal.br/posgraduacao/ppgeq/wp-content/uploads/2025/08/IMG_2020-1024x768.jpg 1024w, https://ctec.ufal.br/posgraduacao/ppgeq/wp-content/uploads/2025/08/IMG_2020-300x225.jpg 300w, https://ctec.ufal.br/posgraduacao/ppgeq/wp-content/uploads/2025/08/IMG_2020-768x576.jpg 768w, https://ctec.ufal.br/posgraduacao/ppgeq/wp-content/uploads/2025/08/IMG_2020-1536x1152.jpg 1536w, https://ctec.ufal.br/posgraduacao/ppgeq/wp-content/uploads/2025/08/IMG_2020-2048x1536.jpg 2048w" sizes="(max-width: 800px) 100vw, 800px" />															</div>
				</div>
					</div>
				</div>
				</div>

<p>O Laboratório de Tecnologias Aplicadas (LATEC) é um ambiente de pesquisa dedicado à síntese de materiais avançados e instrumentação analítica para desenvolvimento de tecnologias aplicadas nas áreas biomédica, ambiental e soluções industriais. Sob coordenação dos docentes Prof. Dr. João Batista Maia Rocha Neto e Profa. Dra. Vânia de Lourdes das Graças Teles, o LATEC conta [&hellip;]</p>
