{"id":1193,"date":"2025-08-16T10:47:17","date_gmt":"2025-08-16T13:47:17","guid":{"rendered":"https:\/\/sites.ufal.br\/f03d9d3cec\/?page_id=1193"},"modified":"2025-11-09T10:37:00","modified_gmt":"2025-11-09T13:37:00","slug":"labmare","status":"publish","type":"page","link":"https:\/\/ctec.ufal.br\/posgraduacao\/ppgeq\/labmare\/","title":{"rendered":"LabMARE"},"content":{"rendered":"\t\t<div data-elementor-type=\"wp-page\" data-elementor-id=\"1193\" class=\"elementor elementor-1193\" data-elementor-post-type=\"page\">\n\t\t\t\t<div class=\"elementor-element elementor-element-53ef7db8 e-con-full e-flex e-con e-parent\" data-id=\"53ef7db8\" data-element_type=\"container\" data-settings=\"{&quot;background_background&quot;:&quot;classic&quot;}\">\n\t\t<div class=\"elementor-element elementor-element-58ef4a20 e-flex e-con-boxed e-con e-child\" data-id=\"58ef4a20\" data-element_type=\"container\">\n\t\t\t\t\t<div class=\"e-con-inner\">\n\t\t\t\t<div class=\"elementor-element elementor-element-71d2a3b6 elementor-view-default elementor-widget elementor-widget-icon\" data-id=\"71d2a3b6\" data-element_type=\"widget\" data-widget_type=\"icon.default\">\n\t\t\t\t\t\t\t<div class=\"elementor-icon-wrapper\">\n\t\t\t<div class=\"elementor-icon\">\n\t\t\t<svg aria-hidden=\"true\" class=\"e-font-icon-svg e-fas-flask\" viewBox=\"0 0 448 512\" xmlns=\"http:\/\/www.w3.org\/2000\/svg\"><path d=\"M437.2 403.5L320 215V64h8c13.3 0 24-10.7 24-24V24c0-13.3-10.7-24-24-24H120c-13.3 0-24 10.7-24 24v16c0 13.3 10.7 24 24 24h8v151L10.8 403.5C-18.5 450.6 15.3 512 70.9 512h306.2c55.7 0 89.4-61.5 60.1-108.5zM137.9 320l48.2-77.6c3.7-5.2 5.8-11.6 5.8-18.4V64h64v160c0 6.9 2.2 13.2 5.8 18.4l48.2 77.6h-172z\"><\/path><\/svg>\t\t\t<\/div>\n\t\t<\/div>\n\t\t\t\t\t\t<\/div>\n\t\t\t\t\t<\/div>\n\t\t\t\t<\/div>\n\t\t\t\t<\/div>\n\t\t<div class=\"elementor-element elementor-element-c66b639 e-flex e-con-boxed e-con e-parent\" data-id=\"c66b639\" data-element_type=\"container\">\n\t\t\t\t\t<div class=\"e-con-inner\">\n\t\t<div class=\"elementor-element elementor-element-16011ec e-con-full e-flex e-con e-child\" data-id=\"16011ec\" data-element_type=\"container\">\n\t\t\t\t<div class=\"elementor-element elementor-element-9641948 elementor-widget elementor-widget-text-editor\" data-id=\"9641948\" data-element_type=\"widget\" data-widget_type=\"text-editor.default\">\n\t\t\t\t\t\t\t\t\t<p><b>LabMARE<\/b> &#8211; <b>Laborat\u00f3rio de Materiais para Remedia\u00e7\u00e3o Ambiental Coordenado<\/b> pelo professor Leonardo Mendon\u00e7a Ten\u00f3rio de Magalh\u00e3es Oliveira (CTEC), com \u00e1rea de 45 m\u00b2, \u00e9 um laborat\u00f3rio de pesquisa que atende aos programas de p\u00f3s-gradua\u00e7\u00e3o em materiais e de engenharia qu\u00edmica, e possui a \u00eanfase em desenvolvimento e aplica\u00e7\u00e3o de materiais porosos e fibrosos para remedia\u00e7\u00e3o de ambientes degradados, valoriza\u00e7\u00e3o de materiais naturais e simula\u00e7\u00e3o num\u00e9rica de processos de separa\u00e7\u00e3o e fen\u00f4menos gerais de escoamento. O laborat\u00f3rio \u00e9 vinculado ao Grupo de \u00d3ptica e Nanoscopia (GON), especializado tamb\u00e9m em caracteriza\u00e7\u00e3o de materiais.<\/p><p>\u00a0<\/p><p>Projetos atuais t\u00eam abordado a simula\u00e7\u00e3o fluidodin\u00e2mica de eventos de vazamento de petr\u00f3leo, simula\u00e7\u00e3o de processos de eleva\u00e7\u00e3o artificial em po\u00e7os petrol\u00edferos, desenvolvimento de produtos sustent\u00e1veis para a ind\u00fastria de \u00f3leo e g\u00e1s, como fluidos tra\u00e7adores e nano e microfluidos voltados \u00e0 recupera\u00e7\u00e3o avan\u00e7ada. Al\u00e9m da produ\u00e7\u00e3o de comp\u00f3sitos naturais para remedia\u00e7\u00e3o de derramamentos de \u00f3leo e remo\u00e7\u00e3o de poluentes emergentes de corpos h\u00eddricos.<\/p>\t\t\t\t\t\t\t\t<\/div>\n\t\t\t\t<\/div>\n\t\t<div class=\"elementor-element elementor-element-b1f61c6 e-con-full e-flex e-con e-child\" data-id=\"b1f61c6\" data-element_type=\"container\">\n\t\t\t\t<div class=\"elementor-element elementor-element-da347e8 elementor-widget elementor-widget-image\" data-id=\"da347e8\" data-element_type=\"widget\" data-widget_type=\"image.default\">\n\t\t\t\t\t\t\t\t\t\t\t\t\t\t\t<img fetchpriority=\"high\" decoding=\"async\" width=\"800\" height=\"530\" src=\"https:\/\/ctec.ufal.br\/posgraduacao\/ppgeq\/wp-content\/uploads\/2025\/11\/labmare-1-1024x678.png\" class=\"attachment-large size-large wp-image-1421\" alt=\"\" srcset=\"https:\/\/ctec.ufal.br\/posgraduacao\/ppgeq\/wp-content\/uploads\/2025\/11\/labmare-1-1024x678.png 1024w, https:\/\/ctec.ufal.br\/posgraduacao\/ppgeq\/wp-content\/uploads\/2025\/11\/labmare-1-300x199.png 300w, https:\/\/ctec.ufal.br\/posgraduacao\/ppgeq\/wp-content\/uploads\/2025\/11\/labmare-1-768x508.png 768w, https:\/\/ctec.ufal.br\/posgraduacao\/ppgeq\/wp-content\/uploads\/2025\/11\/labmare-1.png 1183w\" sizes=\"(max-width: 800px) 100vw, 800px\" \/>\t\t\t\t\t\t\t\t\t\t\t\t\t\t\t<\/div>\n\t\t\t\t<div class=\"elementor-element elementor-element-9f03c97 elementor-widget elementor-widget-text-editor\" data-id=\"9f03c97\" data-element_type=\"widget\" data-widget_type=\"text-editor.default\">\n\t\t\t\t\t\t\t\t\t<p>Equipamentos existentes: Espectrofot\u00f4metro UV-Vis Shimadzu, tr\u00eas computadores desktop, agitadores magn\u00e9ticos com aquecimento SPLabor, agitador mec\u00e2nico 7Lab, estufa de secagem SPLabor de 85L, estufa de secagem com circula\u00e7\u00e3o for\u00e7ada de ar<br \/>7Lab de 40L, incubadora shaker Lucadema, bomba de v\u00e1cuo com compressor Fanem, bomba perist\u00e1ltica multicanal Solab, bomba perist\u00e1ltica monocanal Exatta, microsc\u00f3pio \u00f3ptico Digilab com c\u00e2mera integrada, estereomicrosc\u00f3pio Zeiss com c\u00e2mera 4k, forno<br \/>mufla Lucadema, pHmetro digital Hydrocore, condutiv\u00edmetro digital 7Lab, centr\u00edfuga Daiki 4000 rpm, centr\u00edfuga Inbras 4000 rpm, agitador de peneiras para padroniza\u00e7\u00e3o e constru\u00e7\u00e3o de curva granulom\u00e9trica, moinho de facas, banho termost\u00e1tico, banho ultrassom, balan\u00e7as anal\u00edticas, turbid\u00edmetro digital, medidor multipar\u00e2metro para avalia\u00e7\u00e3o de qualidade de \u00e1gua, vidrarias e reagentes em geral.<\/p>\t\t\t\t\t\t\t\t<\/div>\n\t\t\t\t<\/div>\n\t\t\t\t\t<\/div>\n\t\t\t\t<\/div>\n\t\t\t\t<\/div>\n\t\t","protected":false},"excerpt":{"rendered":"<p>LabMARE &#8211; Laborat\u00f3rio de Materiais para Remedia\u00e7\u00e3o Ambiental Coordenado pelo professor Leonardo Mendon\u00e7a Ten\u00f3rio de Magalh\u00e3es Oliveira (CTEC), com \u00e1rea de 45 m\u00b2, \u00e9 um laborat\u00f3rio de pesquisa que atende aos programas de p\u00f3s-gradua\u00e7\u00e3o em materiais e de engenharia qu\u00edmica, e possui a \u00eanfase em desenvolvimento e aplica\u00e7\u00e3o de materiais porosos e fibrosos para remedia\u00e7\u00e3o [&hellip;]<\/p>\n","protected":false},"author":1,"featured_media":0,"parent":0,"menu_order":0,"comment_status":"closed","ping_status":"closed","template":"","meta":{"footnotes":""},"class_list":["post-1193","page","type-page","status-publish","hentry"],"_links":{"self":[{"href":"https:\/\/ctec.ufal.br\/posgraduacao\/ppgeq\/wp-json\/wp\/v2\/pages\/1193","targetHints":{"allow":["GET"]}}],"collection":[{"href":"https:\/\/ctec.ufal.br\/posgraduacao\/ppgeq\/wp-json\/wp\/v2\/pages"}],"about":[{"href":"https:\/\/ctec.ufal.br\/posgraduacao\/ppgeq\/wp-json\/wp\/v2\/types\/page"}],"author":[{"embeddable":true,"href":"https:\/\/ctec.ufal.br\/posgraduacao\/ppgeq\/wp-json\/wp\/v2\/users\/1"}],"replies":[{"embeddable":true,"href":"https:\/\/ctec.ufal.br\/posgraduacao\/ppgeq\/wp-json\/wp\/v2\/comments?post=1193"}],"version-history":[{"count":25,"href":"https:\/\/ctec.ufal.br\/posgraduacao\/ppgeq\/wp-json\/wp\/v2\/pages\/1193\/revisions"}],"predecessor-version":[{"id":1428,"href":"https:\/\/ctec.ufal.br\/posgraduacao\/ppgeq\/wp-json\/wp\/v2\/pages\/1193\/revisions\/1428"}],"wp:attachment":[{"href":"https:\/\/ctec.ufal.br\/posgraduacao\/ppgeq\/wp-json\/wp\/v2\/media?parent=1193"}],"curies":[{"name":"wp","href":"https:\/\/api.w.org\/{rel}","templated":true}]}}