{"id":1065,"date":"2025-08-05T18:41:25","date_gmt":"2025-08-05T21:41:25","guid":{"rendered":"https:\/\/sites.ufal.br\/f03d9d3cec\/?page_id=1065"},"modified":"2025-08-16T12:17:22","modified_gmt":"2025-08-16T15:17:22","slug":"lassop","status":"publish","type":"page","link":"https:\/\/ctec.ufal.br\/posgraduacao\/ppgeq\/lassop\/","title":{"rendered":"LASSOP"},"content":{"rendered":"\t\t<div data-elementor-type=\"wp-page\" data-elementor-id=\"1065\" class=\"elementor elementor-1065\" data-elementor-post-type=\"page\">\n\t\t\t\t<div class=\"elementor-element elementor-element-565cd359 e-con-full e-flex e-con e-parent\" data-id=\"565cd359\" data-element_type=\"container\" data-settings=\"{&quot;background_background&quot;:&quot;classic&quot;}\">\n\t\t<div class=\"elementor-element elementor-element-57cc843b e-flex e-con-boxed e-con e-child\" data-id=\"57cc843b\" data-element_type=\"container\">\n\t\t\t\t\t<div class=\"e-con-inner\">\n\t\t\t\t<div class=\"elementor-element elementor-element-7cf8af03 elementor-view-default elementor-widget elementor-widget-icon\" data-id=\"7cf8af03\" data-element_type=\"widget\" data-widget_type=\"icon.default\">\n\t\t\t\t\t\t\t<div class=\"elementor-icon-wrapper\">\n\t\t\t<div class=\"elementor-icon\">\n\t\t\t<svg aria-hidden=\"true\" class=\"e-font-icon-svg e-fas-flask\" viewBox=\"0 0 448 512\" xmlns=\"http:\/\/www.w3.org\/2000\/svg\"><path d=\"M437.2 403.5L320 215V64h8c13.3 0 24-10.7 24-24V24c0-13.3-10.7-24-24-24H120c-13.3 0-24 10.7-24 24v16c0 13.3 10.7 24 24 24h8v151L10.8 403.5C-18.5 450.6 15.3 512 70.9 512h306.2c55.7 0 89.4-61.5 60.1-108.5zM137.9 320l48.2-77.6c3.7-5.2 5.8-11.6 5.8-18.4V64h64v160c0 6.9 2.2 13.2 5.8 18.4l48.2 77.6h-172z\"><\/path><\/svg>\t\t\t<\/div>\n\t\t<\/div>\n\t\t\t\t\t\t<\/div>\n\t\t\t\t\t<\/div>\n\t\t\t\t<\/div>\n\t\t\t\t<\/div>\n\t\t<div class=\"elementor-element elementor-element-bdf872c e-flex e-con-boxed e-con e-parent\" data-id=\"bdf872c\" data-element_type=\"container\">\n\t\t\t\t\t<div class=\"e-con-inner\">\n\t\t<div class=\"elementor-element elementor-element-0c840e9 e-con-full animated-slow e-flex elementor-invisible e-con e-child\" data-id=\"0c840e9\" data-element_type=\"container\" data-settings=\"{&quot;animation&quot;:&quot;fadeIn&quot;}\">\n\t\t\t\t<div class=\"elementor-element elementor-element-ca13185 elementor-widget elementor-widget-image\" data-id=\"ca13185\" data-element_type=\"widget\" data-widget_type=\"image.default\">\n\t\t\t\t\t\t\t\t\t\t\t\t\t\t\t<img fetchpriority=\"high\" decoding=\"async\" width=\"800\" height=\"355\" src=\"https:\/\/ctec.ufal.br\/posgraduacao\/ppgeq\/wp-content\/uploads\/2025\/08\/lassop-1024x454.png\" class=\"attachment-large size-large wp-image-1105\" alt=\"\" srcset=\"https:\/\/ctec.ufal.br\/posgraduacao\/ppgeq\/wp-content\/uploads\/2025\/08\/lassop-1024x454.png 1024w, https:\/\/ctec.ufal.br\/posgraduacao\/ppgeq\/wp-content\/uploads\/2025\/08\/lassop-300x133.png 300w, https:\/\/ctec.ufal.br\/posgraduacao\/ppgeq\/wp-content\/uploads\/2025\/08\/lassop-768x341.png 768w, https:\/\/ctec.ufal.br\/posgraduacao\/ppgeq\/wp-content\/uploads\/2025\/08\/lassop-1536x681.png 1536w, https:\/\/ctec.ufal.br\/posgraduacao\/ppgeq\/wp-content\/uploads\/2025\/08\/lassop-2048x909.png 2048w\" sizes=\"(max-width: 800px) 100vw, 800px\" \/>\t\t\t\t\t\t\t\t\t\t\t\t\t\t\t<\/div>\n\t\t\t\t<div class=\"elementor-element elementor-element-ee46e48 elementor-widget elementor-widget-text-editor\" data-id=\"ee46e48\" data-element_type=\"widget\" data-widget_type=\"text-editor.default\">\n\t\t\t\t\t\t\t\t\t<p>O Laborat\u00f3rio de Sistemas de Separa\u00e7\u00e3o e Otimiza\u00e7\u00e3o de Processos (LASSOP), coordenado pelos professores Jo\u00e3o In\u00e1cio Soletti, Sandra Helena Vieira de Carvalho e Rodolfo Junqueira Brand\u00e3o, \u00e9 um centro de pesquisa dedicado a solu\u00e7\u00f5es inovadoras para a ind\u00fastria qu\u00edmica.<\/p><p>Nossas atividades est\u00e3o divididas em quatro \u00e1reas principais, com foco especial em colabora\u00e7\u00f5es com os setores agropecu\u00e1rio, petroleiro e de saneamento:<\/p><p>Processos de Engenharia Qu\u00edmica: Esta \u00e1rea de 250 m\u00b2 abriga equipamentos essenciais, como trocadores de calor e colunas de destila\u00e7\u00e3o. \u00c9 o nosso n\u00facleo para estudos de produ\u00e7\u00e3o de biodiesel e tratamento de efluentes industriais, aplicando t\u00e9cnicas como coagula\u00e7\u00e3o, filtra\u00e7\u00e3o e flota\u00e7\u00e3o.<\/p><p>Unidades Piloto e Semi-Industriais: Nesta \u00e1rea de 100 m\u00b2 est\u00e3o as unidades de destila\u00e7\u00e3o e pir\u00f3lise em escala semi-industrial, que permitem a simula\u00e7\u00e3o de processos em condi\u00e7\u00f5es reais. Isso facilita o desenvolvimento e o escalonamento de novas tecnologias para a ind\u00fastria de energia e biocombust\u00edveis.<\/p>\t\t\t\t\t\t\t\t<\/div>\n\t\t\t\t<\/div>\n\t\t<div class=\"elementor-element elementor-element-91fbe64 e-con-full animated-slow e-flex elementor-invisible e-con e-child\" data-id=\"91fbe64\" data-element_type=\"container\" data-settings=\"{&quot;animation&quot;:&quot;fadeIn&quot;}\">\n\t\t\t\t<div class=\"elementor-element elementor-element-584d867 elementor-widget elementor-widget-image\" data-id=\"584d867\" data-element_type=\"widget\" data-widget_type=\"image.default\">\n\t\t\t\t\t\t\t\t\t\t\t\t\t\t\t<img decoding=\"async\" width=\"800\" height=\"600\" src=\"https:\/\/ctec.ufal.br\/posgraduacao\/ppgeq\/wp-content\/uploads\/2025\/08\/WhatsApp-Image-2024-10-09-at-22.26.48-1-1024x768.jpeg\" class=\"attachment-large size-large wp-image-1098\" alt=\"\" srcset=\"https:\/\/ctec.ufal.br\/posgraduacao\/ppgeq\/wp-content\/uploads\/2025\/08\/WhatsApp-Image-2024-10-09-at-22.26.48-1-1024x768.jpeg 1024w, https:\/\/ctec.ufal.br\/posgraduacao\/ppgeq\/wp-content\/uploads\/2025\/08\/WhatsApp-Image-2024-10-09-at-22.26.48-1-300x225.jpeg 300w, https:\/\/ctec.ufal.br\/posgraduacao\/ppgeq\/wp-content\/uploads\/2025\/08\/WhatsApp-Image-2024-10-09-at-22.26.48-1-768x576.jpeg 768w, https:\/\/ctec.ufal.br\/posgraduacao\/ppgeq\/wp-content\/uploads\/2025\/08\/WhatsApp-Image-2024-10-09-at-22.26.48-1-1536x1153.jpeg 1536w, https:\/\/ctec.ufal.br\/posgraduacao\/ppgeq\/wp-content\/uploads\/2025\/08\/WhatsApp-Image-2024-10-09-at-22.26.48-1.jpeg 1599w\" sizes=\"(max-width: 800px) 100vw, 800px\" \/>\t\t\t\t\t\t\t\t\t\t\t\t\t\t\t<\/div>\n\t\t\t\t<div class=\"elementor-element elementor-element-e91ce56 elementor-widget elementor-widget-text-editor\" data-id=\"e91ce56\" data-element_type=\"widget\" data-widget_type=\"text-editor.default\">\n\t\t\t\t\t\t\t\t\t<p>An\u00e1lises Avan\u00e7adas e Bioprocessos: Com 80 m\u00b2, esta \u00e1rea \u00e9 ideal para an\u00e1lises qu\u00edmicas complexas, como a cromatografia, e para o desenvolvimento de bioprocessos voltados para a ind\u00fastria. Nela, aprimoramos m\u00e9todos de controle de qualidade e otimiza\u00e7\u00e3o de produtos, colaborando diretamente com o setor agropecu\u00e1rio e de biotecnologia.<\/p><p>Inova\u00e7\u00e3o e Simula\u00e7\u00e3o Computacional: Nesta \u00e1rea de 50 m\u00b2, combinamos t\u00e9cnicas experimentais com o que h\u00e1 de mais moderno em tecnologia. Desenvolvemos novos equipamentos e aprimoramos processos industriais usando an\u00e1lise de imagem, intelig\u00eancia artificial (IA) e fluidodin\u00e2mica computacional. Essa abordagem permite criar solu\u00e7\u00f5es personalizadas e eficientes para desafios complexos, como otimiza\u00e7\u00e3o de sistemas de produ\u00e7\u00e3o e seguran\u00e7a operacional no setor de \u00f3leo e g\u00e1s.<\/p>\t\t\t\t\t\t\t\t<\/div>\n\t\t\t\t<\/div>\n\t\t\t\t\t<\/div>\n\t\t\t\t<\/div>\n\t\t\t\t<\/div>\n\t\t","protected":false},"excerpt":{"rendered":"<p>O Laborat\u00f3rio de Sistemas de Separa\u00e7\u00e3o e Otimiza\u00e7\u00e3o de Processos (LASSOP), coordenado pelos professores Jo\u00e3o In\u00e1cio Soletti, Sandra Helena Vieira de Carvalho e Rodolfo Junqueira Brand\u00e3o, \u00e9 um centro de pesquisa dedicado a solu\u00e7\u00f5es inovadoras para a ind\u00fastria qu\u00edmica. Nossas atividades est\u00e3o divididas em quatro \u00e1reas principais, com foco especial em colabora\u00e7\u00f5es com os setores [&hellip;]<\/p>\n","protected":false},"author":1,"featured_media":1104,"parent":0,"menu_order":0,"comment_status":"closed","ping_status":"closed","template":"","meta":{"footnotes":""},"class_list":["post-1065","page","type-page","status-publish","has-post-thumbnail","hentry"],"_links":{"self":[{"href":"https:\/\/ctec.ufal.br\/posgraduacao\/ppgeq\/wp-json\/wp\/v2\/pages\/1065","targetHints":{"allow":["GET"]}}],"collection":[{"href":"https:\/\/ctec.ufal.br\/posgraduacao\/ppgeq\/wp-json\/wp\/v2\/pages"}],"about":[{"href":"https:\/\/ctec.ufal.br\/posgraduacao\/ppgeq\/wp-json\/wp\/v2\/types\/page"}],"author":[{"embeddable":true,"href":"https:\/\/ctec.ufal.br\/posgraduacao\/ppgeq\/wp-json\/wp\/v2\/users\/1"}],"replies":[{"embeddable":true,"href":"https:\/\/ctec.ufal.br\/posgraduacao\/ppgeq\/wp-json\/wp\/v2\/comments?post=1065"}],"version-history":[{"count":55,"href":"https:\/\/ctec.ufal.br\/posgraduacao\/ppgeq\/wp-json\/wp\/v2\/pages\/1065\/revisions"}],"predecessor-version":[{"id":1274,"href":"https:\/\/ctec.ufal.br\/posgraduacao\/ppgeq\/wp-json\/wp\/v2\/pages\/1065\/revisions\/1274"}],"wp:featuredmedia":[{"embeddable":true,"href":"https:\/\/ctec.ufal.br\/posgraduacao\/ppgeq\/wp-json\/wp\/v2\/media\/1104"}],"wp:attachment":[{"href":"https:\/\/ctec.ufal.br\/posgraduacao\/ppgeq\/wp-json\/wp\/v2\/media?parent=1065"}],"curies":[{"name":"wp","href":"https:\/\/api.w.org\/{rel}","templated":true}]}}